 divisor of 533 and 247.
13
What is the highest common factor of 18 and 606?
6
Calculate the greatest common divisor of 14 and 238.
14
Calculate the greatest common divisor of 712 and 40.
8
Calculate the highest common factor of 16 and 9.
1
What is the greatest common divisor of 1611 and 1432?
179
Calculate the greatest common factor of 18 and 11574.
18
Calculate the greatest common divisor of 917 and 7.
7
Calculate the highest common factor of 5700 and 84.
12
What is the greatest common divisor of 48 and 3456?
48
What is the greatest common factor of 246 and 1066?
82
Calculate the greatest common divisor of 378 and 180.
18
What is the highest common divisor of 88 and 376?
8
Calculate the highest common divisor of 424 and 530.
106
What is the highest common factor of 3700 and 700?
100
Calculate the greatest common divisor of 1025 and 25.
25
What is the highest common factor of 512 and 16?
16
What is the greatest common factor of 114 and 266?
38
Calculate the greatest common divisor of 275 and 55.
55
What is the greatest common factor of 2 and 431?
1
Calculate the greatest common factor of 2355 and 30.
15
Calculate the greatest common factor of 1602 and 8.
2
What is the highest common divisor of 1521 and 117?
117
Calculate the highest common divisor of 295 and 2.
1
What is the highest common factor of 2599 and 23?
23
Calculate the highest common divisor of 2624 and 496.
16
What is the greatest common factor of 54 and 351?
27
What is the greatest common divisor of 500 and 25?
25
Calculate the highest common divisor of 6587 and 28.
7
Calculate the greatest common divisor of 10 and 56490.
10
What is the greatest common divisor of 34 and 4913?
17
Calculate the greatest common divisor of 168 and 72.
24
What is the highest common factor of 28 and 3052?
28
Calculate the highest common factor of 1620 and 390.
30
What is the highest common divisor of 165 and 759?
33
Calculate the greatest common factor of 969 and 38.
19
What is the greatest common divisor of 7 and 301?
7
What is the greatest common factor of 603 and 67?
67
Calculate the greatest common factor of 749 and 133.
7
What is the greatest common divisor of 72 and 40?
8
What is the greatest common divisor of 8 and 118?
2
What is the highest common divisor of 136 and 24?
8
Calculate the highest common factor of 1825 and 5.
5
What is the greatest common factor of 533 and 793?
13
What is the highest common factor of 3630 and 1045?
55
Calculate the highest common divisor of 5 and 8495.
5
Calculate the highest common factor of 175 and 455.
35
What is the greatest common factor of 30 and 735?
15
What is the greatest common factor of 32 and 680?
8
What is the greatest common factor of 88 and 99?
11
Calculate the greatest common divisor of 209 and 8569.
209
Calculate the highest common factor of 306 and 17.
17
Calculate the highest common factor of 36 and 1764.
36
Calculate the highest common factor of 75 and 30075.
75
Calculate the highest common factor of 3 and 39.
3
What is the highest common divisor of 585 and 572?
13
What is the highest common factor of 115 and 46?
23
What is the highest common factor of 648 and 16?
8
Calculate the highest common divisor of 8 and 284.
4
Calculate the highest common divisor of 240 and 30.
30
Calculate the highest common divisor of 22 and 517.
11
What is the greatest common factor of 1053 and 39?
39
What is the highest common divisor of 498 and 42?
6
Calculate the highest common divisor of 27 and 819.
9
What is the greatest common divisor of 23730 and 56?
14
Calculate the highest common divisor of 111 and 629.
37
Calculate the greatest common factor of 304 and 128.
16
Calculate the highest common divisor of 9 and 1.
1
What is the highest common factor of 380 and 980?
20
Calculate the greatest common factor of 77 and 176.
11
Calculate the highest common factor of 54 and 1062.
18
Calculate the greatest common divisor of 74 and 5402.
74
What is the greatest common factor of 340 and 260?
20
Calculate the greatest common divisor of 105 and 126.
21
What is the highest common divisor of 1099 and 14?
7
What is the greatest common divisor of 224 and 14224?
112
Calculate the greatest common divisor of 536 and 56.
8
Calculate the highest common factor of 2891 and 59.
59
What is the highest common factor of 19154 and 488?
122
Calculate the greatest common divisor of 96 and 124896.
96
Calculate the highest common divisor of 710 and 71.
71
Calculate the greatest common divisor of 820 and 620.
20
Calculate the greatest common divisor of 325 and 300.
25
What is the greatest common factor of 4 and 108?
4
What is the greatest common factor of 29 and 14094?
29
Calculate the greatest common factor of 49 and 3479.
49
What is the greatest common divisor of 9 and 5769?
9
What is the greatest common factor of 459 and 68?
17
What is the highest common factor of 24 and 696?
24
Calculate the greatest common factor of 13 and 20995.
13
Calculate the greatest common factor of 493 and 87.
29
Calculate the greatest common divisor of 493 and 87.
29
Calculate the highest common divisor of 3328 and 13.
13
What is the highest common factor of 46 and 3611?
23
What is the highest common divisor of 8 and 136?
8
Calculate the highest common divisor of 160 and 20.
20
Calculate the highest common divisor of 7 and 112.
7
Calculate the highest common factor of 408 and 2992.
136
What is the highest common factor of 623 and 445?
89
What is the highest common factor of 165 and 30?
15
Calculate the greatest common divisor of 5 and 3.
1
What is the highest common factor of 152 and 608?
152
What is the highest common factor of 8092 and 448?
28
What is the greatest common factor of 1314 and 198?
18
What is the highest common divisor of 588 and 931?
49
Calculate the greatest common factor of 7543 and 304.
19
Calculate the greatest common factor of 18827 and 67.
67
Calculate the highest common divisor of 10 and 15905.
5
What is the greatest common divisor of 184 and 8?
8
What is the highest common factor of 49 and 812?
7
Calculate the highest common divisor of 7896 and 188.
188
What is the greatest common factor of 81 and 3?
3
Calculate the highest common divisor of 7360 and 115.
115
What is the highest common divisor of 46 and 184?
46
Calculate the greatest common factor of 1270 and 90.
10
Calculate the greatest common divisor of 833 and 1190.
119
Calculate the highest common factor of 54 and 864.
54
Calculate the highest common divisor of 799 and 17.
17
Calculate the greatest common divisor of 6965 and 35.
35
What is the greatest common divisor of 5420 and 40?
20
Calculate the highest common divisor of 39 and 169.
13
Calculate the highest common factor of 182 and 208.
26
Calculate the highest common divisor of 50 and 1150.
50
Calculate the greatest common divisor of 54 and 7398.
54
What is the greatest common divisor of 7 and 56?
7
What is the highest common factor of 824 and 515?
103
Calculate the greatest common factor of 924 and 420.
84
Calculate the greatest common factor of 67 and 5293.
67
What is the greatest common factor of 928 and 12?
4
Calculate the greatest common divisor of 9 and 47.
1
Calculate the greatest common divisor of 3773 and 154.
77
What is the highest common divisor of 426 and 7029?
213
What is the greatest common factor of 30 and 23?
1
Calculate the highest common divisor of 2185 and 115.
115
Calculate the highest common divisor of 120 and 2040.
120
What is the highest common factor of 74900 and 100?
100
What is the highest common factor of 1139 and 17?
17
What is the highest common divisor of 4 and 34?
2
What is the highest common divisor of 93 and 6?
3
Calculate the greatest common factor of 18644 and 316.
316
Calculate the greatest common divisor of 1064 and 5586.
266
What is the greatest common factor of 3674 and 22?
22
Calculate the highest common factor of 4 and 74.
2
What is the greatest common divisor of 12 and 44184?
12
Calculate the greatest common factor of 606 and 6.
6
Calculate the greatest common factor of 5203 and 129.
43
Calculate the highest common factor of 30 and 3156.
6
What is the highest common divisor of 446 and 4237?
223
Calculate the highest common divisor of 6708 and 26.
26
What is the greatest common divisor of 909 and 54?
9
What is the greatest common factor of